{"id":114,"date":"2022-01-19T11:30:02","date_gmt":"2022-01-19T11:30:02","guid":{"rendered":"https:\/\/www.marista.hu\/lelkiseg\/?page_id=114"},"modified":"2022-08-24T13:18:16","modified_gmt":"2022-08-24T13:18:16","slug":"home","status":"publish","type":"page","link":"https:\/\/www.marista.hu\/lelkiseg\/","title":{"rendered":"Marista lelkis\u00e9g anyagai"},"content":{"rendered":"<div  class=\"wp-block-ultimate-post-post-grid-3 ultp-block-573029 alignfull\"><div class=\"ultp-block-wrapper\"><div class=\"ultp-loading\"><div class=\"ultp-loading-blocks\" style=\"width:100%;height:100%;\"><div style=\"left: 0;top: 0;animation-delay:0s;\"><\/div><div style=\"left: 21px;top: 0;animation-delay:0.125s;\"><\/div><div style=\"left: 42px;top: 0;animation-delay:0.25s;\"><\/div><div style=\"left: 0;top: 21px;animation-delay:0.875s;\"><\/div><div style=\"left: 42px;top: 21px;animation-delay:0.375s;\"><\/div><div style=\"left: 0;top: 42px;animation-delay:0.75s;\"><\/div><div style=\"left: 42px;top: 42px;animation-delay:0.625s;\"><\/div><div style=\"left: 21px;top: 42px;animation-delay:0.5s;\"><\/div><\/div><\/div><div class=\"ultp-block-items-wrap ultp-block-row ultp-layout1 ultp-block-column3\"><div class=\"ultp-block-item post-id-1996 ultp-animation-slideup\"><div class=\"ultp-block-content-wrap ultp-block-content-overlay\"><div class=\"ultp-block-image ultp-block-image-slideLeft ultp-block-image-overlay ultp-block-image-custom\"><a href=\"https:\/\/www.marista.hu\/lelkiseg\/2023\/02\/22\/jezusra-figyelve-es-az-egyhazban-elo-testvereinket-meghallgatva-ferenc-papa-nagybojti-uzenete\/\" ><img decoding=\"async\"  alt=\"J\u00e9zusra figyelve \u00e9s az Egyh\u00e1zban \u00e9l\u0151 testv\u00e9reinket meghallgatva \u2013 Ferenc p\u00e1pa nagyb\u00f6jti \u00fczenete\"  src=\"https:\/\/i0.wp.com\/www.marista.hu\/lelkiseg\/wp-content\/uploads\/2022\/02\/Ferenc-Papa10.jpg?resize=870%2C570&#038;ssl=1\" \/><\/a><\/div><div class=\"ultp-block-content ultp-block-content-bottomPosition\"><div class=\"ultp-block-content-inner\"><div class=\"ultp-category-grid ultp-category-classic ultp-category-aboveTitle\"><div class=\"ultp-category-in ultp-cat-color-1\"><a class=\"ultp-cat-ferenc-papa-idezetek ultp-cat-only-color-1\" href=\"https:\/\/www.marista.hu\/lelkiseg\/category\/ferenc-papa-idezetek\/\" style=\"background-color: #CE2746;color: #fff;\" >Ferenc p\u00e1pa id\u00e9zetek<\/a><\/div><\/div><h3 class=\"ultp-block-title \"><a href=\"https:\/\/www.marista.hu\/lelkiseg\/2023\/02\/22\/jezusra-figyelve-es-az-egyhazban-elo-testvereinket-meghallgatva-ferenc-papa-nagybojti-uzenete\/\" >J\u00e9zusra figyelve \u00e9s az Egyh\u00e1zban \u00e9l\u0151 testv\u00e9reinket meghallgatva \u2013 Ferenc p\u00e1pa nagyb\u00f6jti \u00fczenete<\/a><\/h3><\/div><\/div><\/div><\/div><div class=\"ultp-block-item post-id-1981 ultp-animation-slideup\"><div class=\"ultp-block-content-wrap ultp-block-content-overlay\"><div class=\"ultp-block-image ultp-block-image-slideLeft ultp-block-image-overlay ultp-block-image-custom\"><a href=\"https:\/\/www.marista.hu\/lelkiseg\/2023\/01\/29\/egigero-kowalsky-meg-a-vega\/\" ><img decoding=\"async\"  alt=\"blue and white sky with stars\"  src=\"https:\/\/i0.wp.com\/www.marista.hu\/lelkiseg\/wp-content\/uploads\/2023\/01\/pexels-photo-4737484.jpeg?resize=600%2C600&#038;ssl=1\" \/><\/a><\/div><div class=\"ultp-block-content ultp-block-content-bottomPosition\"><div class=\"ultp-block-content-inner\"><div class=\"ultp-category-grid ultp-category-classic ultp-category-aboveTitle\"><div class=\"ultp-category-in ultp-cat-color-1\"><a class=\"ultp-cat-zene ultp-cat-only-color-1\" href=\"https:\/\/www.marista.hu\/lelkiseg\/category\/zene\/\" style=\"background-color: #CE2746;color: #fff;\" >Zene<\/a><\/div><\/div><h3 class=\"ultp-block-title \"><a href=\"https:\/\/www.marista.hu\/lelkiseg\/2023\/01\/29\/egigero-kowalsky-meg-a-vega\/\" >\u00c9gig\u00e9r\u0151 &#8211; Kowalsky meg a Vega<\/a><\/h3><\/div><\/div><\/div><\/div><div class=\"ultp-block-item post-id-1979 ultp-animation-slideup\"><div class=\"ultp-block-content-wrap ultp-block-content-overlay\"><div class=\"ultp-block-image ultp-block-image-slideLeft ultp-block-image-overlay ultp-block-image-custom\"><a href=\"https:\/\/www.marista.hu\/lelkiseg\/2023\/01\/29\/az-igazi-eletem-berkes-oliver\/\" ><img decoding=\"async\"  alt=\"down angle photography of red clouds and blue sky\"  src=\"https:\/\/i0.wp.com\/www.marista.hu\/lelkiseg\/wp-content\/uploads\/2022\/11\/pexels-photo-844297.jpeg?resize=600%2C600&#038;ssl=1\" \/><\/a><\/div><div class=\"ultp-block-content ultp-block-content-bottomPosition\"><div class=\"ultp-block-content-inner\"><div class=\"ultp-category-grid ultp-category-classic ultp-category-aboveTitle\"><div class=\"ultp-category-in ultp-cat-color-1\"><a class=\"ultp-cat-zene ultp-cat-only-color-1\" href=\"https:\/\/www.marista.hu\/lelkiseg\/category\/zene\/\" style=\"background-color: #CE2746;color: #fff;\" >Zene<\/a><\/div><\/div><h3 class=\"ultp-block-title \"><a href=\"https:\/\/www.marista.hu\/lelkiseg\/2023\/01\/29\/az-igazi-eletem-berkes-oliver\/\" >Az igazi \u00e9letem &#8211; Berkes Oliv\u00e9r<\/a><\/h3><\/div><\/div><\/div><\/div><div class=\"ultp-block-item post-id-1976 ultp-animation-slideup\"><div class=\"ultp-block-content-wrap ultp-block-content-overlay\"><div class=\"ultp-block-image ultp-block-image-slideLeft ultp-block-image-overlay ultp-block-image-custom\"><a href=\"https:\/\/www.marista.hu\/lelkiseg\/2023\/01\/29\/az-elegedetlen\/\" ><img decoding=\"async\"  alt=\"Az el\u00e9gedetlen\"  src=\"https:\/\/i0.wp.com\/www.marista.hu\/lelkiseg\/wp-content\/uploads\/2023\/01\/elegedetlen.jpg?resize=600%2C600&#038;ssl=1\" \/><\/a><\/div><div class=\"ultp-block-content ultp-block-content-bottomPosition\"><div class=\"ultp-block-content-inner\"><div class=\"ultp-category-grid ultp-category-classic ultp-category-aboveTitle\"><div class=\"ultp-category-in ultp-cat-color-1\"><a class=\"ultp-cat-videok ultp-cat-only-color-1\" href=\"https:\/\/www.marista.hu\/lelkiseg\/category\/videok\/\" style=\"background-color: #CE2746;color: #fff;\" >Vide\u00f3k<\/a><\/div><\/div><h3 class=\"ultp-block-title \"><a href=\"https:\/\/www.marista.hu\/lelkiseg\/2023\/01\/29\/az-elegedetlen\/\" >Az el\u00e9gedetlen<\/a><\/h3><\/div><\/div><\/div><\/div><\/div><\/div><\/div>\n\n\n<hr class=\"wp-block-separator has-text-color has-vivid-cyan-blue-color has-css-opacity has-vivid-cyan-blue-background-color has-background is-style-wide\"\/>\n\n\n<div  class=\"wp-block-ultimate-post-post-grid-2 ultp-block-b79731 alignfull\"><div class=\"ultp-block-wrapper\"><div class=\"ultp-loading\"><div class=\"ultp-loading-blocks\" style=\"width:100%;height:100%;\"><div style=\"left: 0;top: 0;animation-delay:0s;\"><\/div><div style=\"left: 21px;top: 0;animation-delay:0.125s;\"><\/div><div style=\"left: 42px;top: 0;animation-delay:0.25s;\"><\/div><div style=\"left: 0;top: 21px;animation-delay:0.875s;\"><\/div><div style=\"left: 42px;top: 21px;animation-delay:0.375s;\"><\/div><div style=\"left: 0;top: 42px;animation-delay:0.75s;\"><\/div><div style=\"left: 42px;top: 42px;animation-delay:0.625s;\"><\/div><div style=\"left: 21px;top: 42px;animation-delay:0.5s;\"><\/div><\/div><\/div><div class=\"ultp-heading-filter\"><div class=\"ultp-heading-filter-in\"><div class=\"ultp-heading-wrap ultp-heading-style15 ultp-heading-left\"><h1 class=\"ultp-heading-inner\"><span>Javasolt anyagok<\/span><\/h1><\/div><\/div><\/div><div class=\"ultp-block-items-wrap ultp-block-row\"><div class=\"ultp-block-item post-id-1712\"><div class=\"ultp-block-content-wrap ultp-block-content-overlay\"><div class=\"ultp-block-image ultp-block-image-zoomOut\"><a href=\"https:\/\/www.marista.hu\/lelkiseg\/2022\/09\/07\/evkozi-24-vasarnap-c-ev\/\" ><img decoding=\"async\"  alt=\"\u00c9vk\u00f6zi 24. vas\u00e1rnap C \u00e9v\"  src=\"https:\/\/i0.wp.com\/www.marista.hu\/lelkiseg\/wp-content\/uploads\/2022\/09\/C_Evkozi-24.-vasarnap.jpg?resize=870%2C570&#038;ssl=1\" \/><\/a><\/div><div class=\"ultp-block-content ultp-block-content-bottomPosition\"><div class=\"ultp-block-content-inner\"><div class=\"ultp-category-grid ultp-category-classic ultp-category-aboveTitle\"><div class=\"ultp-category-in\"><a class=\"ultp-cat-evangeliumi-kep\" href=\"https:\/\/www.marista.hu\/lelkiseg\/category\/evangeliumi-kep\/\"  >Evang\u00e9liumi k\u00e9p<\/a><\/div><\/div><h3 class=\"ultp-block-title \"><a href=\"https:\/\/www.marista.hu\/lelkiseg\/2022\/09\/07\/evkozi-24-vasarnap-c-ev\/\" >\u00c9vk\u00f6zi 24. vas\u00e1rnap C \u00e9v<\/a><\/h3><\/div><\/div><\/div><\/div><div class=\"ultp-block-item post-id-1333\"><div class=\"ultp-block-content-wrap ultp-block-content-overlay\"><div class=\"ultp-block-image ultp-block-image-zoomOut\"><a href=\"https:\/\/www.marista.hu\/lelkiseg\/2022\/03\/01\/imadkozzuk-a-hivatasokert\/\" ><img decoding=\"async\"  alt=\"mother and son kneeling in the church\"  src=\"https:\/\/i0.wp.com\/www.marista.hu\/lelkiseg\/wp-content\/uploads\/2022\/03\/pexels-photo-9577185.jpeg?resize=870%2C570&#038;ssl=1\" \/><\/a><\/div><div class=\"ultp-block-content ultp-block-content-bottomPosition\"><div class=\"ultp-block-content-inner\"><div class=\"ultp-category-grid ultp-category-classic ultp-category-aboveTitle\"><div class=\"ultp-category-in\"><a class=\"ultp-cat-kotott-imadsag\" href=\"https:\/\/www.marista.hu\/lelkiseg\/category\/kotott-imadsag\/\"  >K\u00f6t\u00f6tt im\u00e1ds\u00e1g<\/a><\/div><\/div><h3 class=\"ultp-block-title \"><a href=\"https:\/\/www.marista.hu\/lelkiseg\/2022\/03\/01\/imadkozzuk-a-hivatasokert\/\" >Im\u00e1dkozzuk a hivat\u00e1sok\u00e9rt!<\/a><\/h3><\/div><\/div><\/div><\/div><div class=\"ultp-block-item post-id-1314\"><div class=\"ultp-block-content-wrap ultp-block-content-overlay\"><div class=\"ultp-block-image ultp-block-image-zoomOut\"><a href=\"https:\/\/www.marista.hu\/lelkiseg\/2022\/03\/01\/tarsakat-adtal-nekem\/\" ><img decoding=\"async\"  alt=\"four person standing on cliff in front of sun\"  src=\"https:\/\/i0.wp.com\/www.marista.hu\/lelkiseg\/wp-content\/uploads\/2022\/03\/pexels-photo-697243-e1660567022545.jpeg?resize=870%2C570&#038;ssl=1\" \/><\/a><\/div><div class=\"ultp-block-content ultp-block-content-bottomPosition\"><div class=\"ultp-block-content-inner\"><div class=\"ultp-category-grid ultp-category-classic ultp-category-aboveTitle\"><div class=\"ultp-category-in\"><a class=\"ultp-cat-kotott-imadsag\" href=\"https:\/\/www.marista.hu\/lelkiseg\/category\/kotott-imadsag\/\"  >K\u00f6t\u00f6tt im\u00e1ds\u00e1g<\/a><\/div><\/div><h3 class=\"ultp-block-title \"><a href=\"https:\/\/www.marista.hu\/lelkiseg\/2022\/03\/01\/tarsakat-adtal-nekem\/\" >T\u00e1rsakat adt\u00e1l nekem<\/a><\/h3><\/div><\/div><\/div><\/div><div class=\"ultp-block-item post-id-1732\"><div class=\"ultp-block-content-wrap ultp-block-content-overlay\"><div class=\"ultp-block-image ultp-block-image-zoomOut\"><a href=\"https:\/\/www.marista.hu\/lelkiseg\/2022\/10\/10\/oktoberi-ima\/\" ><img decoding=\"async\"  alt=\"landscape photograph of lake and mountains\"  src=\"https:\/\/i0.wp.com\/www.marista.hu\/lelkiseg\/wp-content\/uploads\/2022\/03\/pexels-photo-870711.jpeg?resize=870%2C570&#038;ssl=1\" \/><\/a><\/div><div class=\"ultp-block-content ultp-block-content-bottomPosition\"><div class=\"ultp-block-content-inner\"><div class=\"ultp-category-grid ultp-category-classic ultp-category-aboveTitle\"><div class=\"ultp-category-in\"><a class=\"ultp-cat-kozossegi-ima\" href=\"https:\/\/www.marista.hu\/lelkiseg\/category\/kozossegi-ima\/\"  >K\u00f6z\u00f6ss\u00e9gi ima<\/a><\/div><\/div><h3 class=\"ultp-block-title \"><a href=\"https:\/\/www.marista.hu\/lelkiseg\/2022\/10\/10\/oktoberi-ima\/\" >Okt\u00f3beri ima<\/a><\/h3><\/div><\/div><\/div><\/div><div class=\"ultp-block-item post-id-396\"><div class=\"ultp-block-content-wrap ultp-block-content-overlay\"><div class=\"ultp-block-image ultp-block-image-zoomOut\"><a href=\"https:\/\/www.marista.hu\/lelkiseg\/2022\/01\/22\/8-otlet-a-nagybojti-jotekonykodashoz\/\" ><img decoding=\"async\"  alt=\"man love people woman\"  src=\"https:\/\/i0.wp.com\/www.marista.hu\/lelkiseg\/wp-content\/uploads\/2022\/01\/pexels-photo-6646918.jpeg?resize=870%2C570&#038;ssl=1\" \/><\/a><\/div><div class=\"ultp-block-content ultp-block-content-bottomPosition\"><div class=\"ultp-block-content-inner\"><div class=\"ultp-category-grid ultp-category-classic ultp-category-aboveTitle\"><div class=\"ultp-category-in\"><a class=\"ultp-cat-infografikak\" href=\"https:\/\/www.marista.hu\/lelkiseg\/category\/infografikak\/\"  >Infografik\u00e1k<\/a><\/div><\/div><h3 class=\"ultp-block-title \"><a href=\"https:\/\/www.marista.hu\/lelkiseg\/2022\/01\/22\/8-otlet-a-nagybojti-jotekonykodashoz\/\" >8 \u00f6tlet a nagyb\u00f6jti j\u00f3t\u00e9konykod\u00e1shoz<\/a><\/h3><\/div><\/div><\/div><\/div><div class=\"ultp-block-item post-id-1964\"><div class=\"ultp-block-content-wrap ultp-block-content-overlay\"><div class=\"ultp-block-image ultp-block-image-zoomOut\"><a href=\"https:\/\/www.marista.hu\/lelkiseg\/2023\/01\/29\/a-szerzetes\/\" ><img decoding=\"async\"  alt=\"a monk standing while praying outdoors\"  src=\"https:\/\/i0.wp.com\/www.marista.hu\/lelkiseg\/wp-content\/uploads\/2023\/01\/pexels-photo-5386059.jpeg?resize=870%2C570&#038;ssl=1\" \/><\/a><\/div><div class=\"ultp-block-content ultp-block-content-bottomPosition\"><div class=\"ultp-block-content-inner\"><div class=\"ultp-category-grid ultp-category-classic ultp-category-aboveTitle\"><div class=\"ultp-category-in\"><a class=\"ultp-cat-mesek\" href=\"https:\/\/www.marista.hu\/lelkiseg\/category\/mesek\/\"  >Mes\u00e9k<\/a><\/div><\/div><h3 class=\"ultp-block-title \"><a href=\"https:\/\/www.marista.hu\/lelkiseg\/2023\/01\/29\/a-szerzetes\/\" >A szerzetes<\/a><\/h3><\/div><\/div><\/div><\/div><div class=\"ultp-block-item post-id-1787\"><div class=\"ultp-block-content-wrap ultp-block-content-overlay\"><div class=\"ultp-block-image ultp-block-image-zoomOut\"><a href=\"https:\/\/www.marista.hu\/lelkiseg\/2022\/10\/24\/youre-never-fully-dressed-without-a-smile-sia-sosem-vagy-teljesen-feloltozve-mosoly-nelkul\/\" ><img decoding=\"async\"  alt=\"You&#8217;re never fully dressed without a smile &#8211; Sia (Sosem vagy teljesen fel\u00f6lt\u00f6zve mosoly n\u00e9lk\u00fcl)\"  src=\"https:\/\/i0.wp.com\/www.marista.hu\/lelkiseg\/wp-content\/uploads\/2022\/10\/SMILE.jpg?resize=870%2C563&#038;ssl=1\" \/><\/a><\/div><div class=\"ultp-block-content ultp-block-content-bottomPosition\"><div class=\"ultp-block-content-inner\"><div class=\"ultp-category-grid ultp-category-classic ultp-category-aboveTitle\"><div class=\"ultp-category-in\"><a class=\"ultp-cat-zene\" href=\"https:\/\/www.marista.hu\/lelkiseg\/category\/zene\/\"  >Zene<\/a><\/div><\/div><h3 class=\"ultp-block-title \"><a href=\"https:\/\/www.marista.hu\/lelkiseg\/2022\/10\/24\/youre-never-fully-dressed-without-a-smile-sia-sosem-vagy-teljesen-feloltozve-mosoly-nelkul\/\" >You&#8217;re never fully dressed without a smile &#8211; Sia (Sosem vagy teljesen fel\u00f6lt\u00f6zve mosoly n\u00e9lk\u00fcl)<\/a><\/h3><\/div><\/div><\/div><\/div><div class=\"ultp-block-item post-id-1371\"><div class=\"ultp-block-content-wrap ultp-block-content-overlay\"><div class=\"ultp-block-image ultp-block-image-zoomOut\"><a href=\"https:\/\/www.marista.hu\/lelkiseg\/2022\/03\/01\/a-cloudy-lesson\/\" ><img decoding=\"async\"  alt=\"A cloudy lesson\"  src=\"https:\/\/i0.wp.com\/www.marista.hu\/lelkiseg\/wp-content\/uploads\/2022\/03\/cloudy-lesson.jpg?resize=870%2C570&#038;ssl=1\" \/><\/a><\/div><div class=\"ultp-block-content ultp-block-content-bottomPosition\"><div class=\"ultp-block-content-inner\"><div class=\"ultp-category-grid ultp-category-classic ultp-category-aboveTitle\"><div class=\"ultp-category-in\"><a class=\"ultp-cat-videok\" href=\"https:\/\/www.marista.hu\/lelkiseg\/category\/videok\/\"  >Vide\u00f3k<\/a><\/div><\/div><h3 class=\"ultp-block-title \"><a href=\"https:\/\/www.marista.hu\/lelkiseg\/2022\/03\/01\/a-cloudy-lesson\/\" >A cloudy lesson<\/a><\/h3><\/div><\/div><\/div><\/div><\/div><\/div><\/div>","protected":false},"excerpt":{"rendered":"","protected":false},"author":1,"featured_media":0,"parent":0,"menu_order":0,"comment_status":"closed","ping_status":"closed","template":"","meta":{"footnotes":""},"class_list":["post-114","page","type-page","status-publish","hentry","entry"],"_links":{"self":[{"href":"https:\/\/www.marista.hu\/lelkiseg\/wp-json\/wp\/v2\/pages\/114","targetHints":{"allow":["GET"]}}],"collection":[{"href":"https:\/\/www.marista.hu\/lelkiseg\/wp-json\/wp\/v2\/pages"}],"about":[{"href":"https:\/\/www.marista.hu\/lelkiseg\/wp-json\/wp\/v2\/types\/page"}],"author":[{"embeddable":true,"href":"https:\/\/www.marista.hu\/lelkiseg\/wp-json\/wp\/v2\/users\/1"}],"replies":[{"embeddable":true,"href":"https:\/\/www.marista.hu\/lelkiseg\/wp-json\/wp\/v2\/comments?post=114"}],"version-history":[{"count":23,"href":"https:\/\/www.marista.hu\/lelkiseg\/wp-json\/wp\/v2\/pages\/114\/revisions"}],"predecessor-version":[{"id":1665,"href":"https:\/\/www.marista.hu\/lelkiseg\/wp-json\/wp\/v2\/pages\/114\/revisions\/1665"}],"wp:attachment":[{"href":"https:\/\/www.marista.hu\/lelkiseg\/wp-json\/wp\/v2\/media?parent=114"}],"curies":[{"name":"wp","href":"https:\/\/api.w.org\/{rel}","templated":true}]}}