{"id":344,"date":"2013-10-01T14:51:57","date_gmt":"2013-10-01T14:51:57","guid":{"rendered":"http:\/\/www.marista.hu\/?page_id=344"},"modified":"2013-10-17T13:48:55","modified_gmt":"2013-10-17T13:48:55","slug":"maristak-vagyunk","status":"publish","type":"page","link":"https:\/\/www.marista.hu\/?page_id=344","title":{"rendered":"Marist\u00e1k vagyunk"},"content":{"rendered":"<p style=\"text-align: justify;\"><a href=\"https:\/\/www.marista.hu\/wp-content\/uploads\/imagesCAVPI5NX.jpg\"><img loading=\"lazy\" decoding=\"async\" class=\"size-full wp-image-468 alignleft\" alt=\"imagesCAVPI5NX\" src=\"https:\/\/www.marista.hu\/wp-content\/uploads\/imagesCAVPI5NX.jpg\" width=\"187\" height=\"269\" \/><\/a>Mert mint testv\u00e9rek M\u00e1ri\u00e1t saj\u00e1t any\u00e1nknak \u00e9rezz\u00fck.<\/p>\n<p style=\"text-align: justify;\">Champagnatnak \u00fagy siker\u00fclt hit\u00e9t meg\u00e9lnie \u00e9s \u00e1tadnia, hogy sohasem feledkezett el M\u00e1ri\u00e1r\u00f3l.<br \/>\nM\u00e1ria \u00e9lete modell sz\u00e1munkra, mert az \u0151 egyszer\u0171s\u00e9ge, \u00darba vetett bizalma, \u00f6r\u00f6me, szolg\u00e1latk\u00e9szs\u00e9ge \u00e9s Isten szav\u00e1nak elfogad\u00e1sa p\u00e9ld\u00e1t mutat nek\u00fcnk.<\/p>\n<p style=\"text-align: justify;\">Ez\u00e9rt \u00a0vagyunk &#8222;marist\u00e1k&#8221;.<\/p>\n","protected":false},"excerpt":{"rendered":"<p>Mert mint testv\u00e9rek M\u00e1ri\u00e1t saj\u00e1t any\u00e1nknak \u00e9rezz\u00fck. Champagnatnak \u00fagy siker\u00fclt hit\u00e9t meg\u00e9lnie \u00e9s \u00e1tadnia, hogy sohasem feledkezett el M\u00e1ri\u00e1r\u00f3l. M\u00e1ria \u00e9lete modell sz\u00e1munkra, mert az \u0151 egyszer\u0171s\u00e9ge, \u00darba vetett bizalma, \u00f6r\u00f6me, szolg\u00e1latk\u00e9szs\u00e9ge \u00e9s Isten szav\u00e1nak elfogad\u00e1sa p\u00e9ld\u00e1t mutat nek\u00fcnk. Ez\u00e9rt<\/p>\n","protected":false},"author":8,"featured_media":0,"parent":342,"menu_order":1,"comment_status":"closed","ping_status":"closed","template":"","meta":{"footnotes":""},"_links":{"self":[{"href":"https:\/\/www.marista.hu\/index.php?rest_route=\/wp\/v2\/pages\/344"}],"collection":[{"href":"https:\/\/www.marista.hu\/index.php?rest_route=\/wp\/v2\/pages"}],"about":[{"href":"https:\/\/www.marista.hu\/index.php?rest_route=\/wp\/v2\/types\/page"}],"author":[{"embeddable":true,"href":"https:\/\/www.marista.hu\/index.php?rest_route=\/wp\/v2\/users\/8"}],"replies":[{"embeddable":true,"href":"https:\/\/www.marista.hu\/index.php?rest_route=%2Fwp%2Fv2%2Fcomments&post=344"}],"version-history":[{"count":4,"href":"https:\/\/www.marista.hu\/index.php?rest_route=\/wp\/v2\/pages\/344\/revisions"}],"predecessor-version":[{"id":509,"href":"https:\/\/www.marista.hu\/index.php?rest_route=\/wp\/v2\/pages\/344\/revisions\/509"}],"up":[{"embeddable":true,"href":"https:\/\/www.marista.hu\/index.php?rest_route=\/wp\/v2\/pages\/342"}],"wp:attachment":[{"href":"https:\/\/www.marista.hu\/index.php?rest_route=%2Fwp%2Fv2%2Fmedia&parent=344"}],"curies":[{"name":"wp","href":"https:\/\/api.w.org\/{rel}","templated":true}]}}