{"id":1139,"date":"2014-11-21T11:36:20","date_gmt":"2014-11-21T09:36:20","guid":{"rendered":"http:\/\/www.marista.hu\/?page_id=1139"},"modified":"2016-11-25T09:02:45","modified_gmt":"2016-11-25T08:02:45","slug":"maristak-egy-uj-kezdet","status":"publish","type":"page","link":"https:\/\/www.marista.hu\/?page_id=1139","title":{"rendered":"Marist\u00e1k, egy \u00faj kezdet"},"content":{"rendered":"<p style=\"text-align: justify;\"><a href=\"https:\/\/www.marista.hu\/wp-content\/uploads\/2017_HG.jpg\"><img loading=\"lazy\" decoding=\"async\" class=\"aligncenter wp-image-1133 size-large\" src=\"https:\/\/www.marista.hu\/wp-content\/uploads\/2017_HG-1024x708.jpg\" alt=\"2017_HG\" width=\"604\" height=\"417\" srcset=\"https:\/\/www.marista.hu\/wp-content\/uploads\/2017_HG-1024x708.jpg 1024w, https:\/\/www.marista.hu\/wp-content\/uploads\/2017_HG-300x207.jpg 300w\" sizes=\"(max-width: 604px) 100vw, 604px\" \/><\/a>J\u00fanius 6-\u00e1n Emili Tur\u00fa tartom\u00e1nyf\u0151n\u00f6k testv\u00e9r mindny\u00e1junkat \u201eegy \u00faj kezdetre\u201d h\u00edvta. Ami a \u201ekezdeteket\u201d illeti, van bel\u0151l\u00fck sz\u00e9p sz\u00e1mmal 1817. febru\u00e1r 2. \u00f3ta. A k\u00e9tsz\u00e1zadik \u00e9vfordul\u00f3 kijel\u00f6l\u00e9se arra a napra esett, amikor Szent Champagnat megk\u00e9rt k\u00e9t fiatalt, hogy seg\u00edtsen neki az evangeliz\u00e1ci\u00f3s misszi\u00f3ban. Ez a megh\u00edv\u00e1s a Marista Testv\u00e9rek Int\u00e9zm\u00e9ny\u00e9nek Alap\u00edt\u00e1sa.<br \/>\n\u00cdgy h\u00e1rom \u00fcnnepi \u00e9v \u00e1ll el\u0151tt\u00fcnk. Az els\u0151 lesz \u201eMontagne\u201d \u00e9ve, amikor arra kapunk megh\u00edv\u00e1st, hogy a mai Montagne-ok J\u00e9zusa legy\u00fcnk.<br \/>\nA m\u00e1sodik \u00e9vet \u201eFourvi\u00e8re\u201d jel\u00f6li, hogy J\u00e9zus alakja k\u00f6r\u00e9 gy\u0171lj\u00fcnk misszi\u00f3s k\u00fcldet\u00e9s\u00fcnk teljes\u00edt\u00e9s\u00e9ben az\u00e9rt, hogy ne legy\u00fcnk olyanok, akik csak h\u00e1trafel\u00e9 n\u00e9znek, de ne legy\u00fcnk azok k\u00f6z\u00fcl val\u00f3k se, kik J\u00e9zust\u00f3l elt\u00e1volodnak, s a maguk \u00fatj\u00e1t j\u00e1rj\u00e1k. Az utols\u00f3 \u00e9v k\u00f6zvetlen\u00fcl a k\u00e9tsz\u00e1zadik \u00e9vfordul\u00f3ra k\u00e9sz\u00edt fel minket \u201eLa Valla\u201d k\u00e9p\u00e9vel, hogy \u00e1poljuk \u00e9let\u00fcnk misztikus dimenzi\u00f3j\u00e1t, hogy terjessz\u00fck magunk k\u00f6r\u00fcl az \u00e9let J\u00e9zus \u00e1ltal k\u00edv\u00e1nt teljess\u00e9g\u00e9t. A Misszi\u00f3 Titk\u00e1rs\u00e1ga sokat foglalkozott a megeml\u00e9kez\u00e9shez val\u00f3 kapcsol\u00f3d\u00e1ssal, valamint azzal, hogyan ind\u00edtsa \u00fatj\u00e1ra a lehet\u0151 legjobban, az int\u00e9zm\u00e9nyekben a t\u00e9m\u00e1kat \u00e9s jelk\u00e9peket.<\/p>\n<p>&nbsp;<\/p>\n<p style=\"text-align: center;\"><iframe loading=\"lazy\" src=\"\/\/www.youtube.com\/embed\/BZan7Me2z6I\" width=\"560\" height=\"315\" frameborder=\"0\" allowfullscreen=\"allowfullscreen\"><\/iframe><\/p>\n<p style=\"text-align: justify;\">M\u00e1r ezen a ny\u00e1ron is, de az elk\u00f6vetkez\u0151 h\u00e1rom \u00e9v sor\u00e1n is, pedag\u00f3gia eszk\u00f6z\u00f6k, elm\u00e9lked\u00e9si \u00e9s cselekv\u00e9si tervek kidolgoz\u00e1s\u00e1ra ker\u00fcl sor, hogy azt\u00e1n hozz\u00e1f\u00e9rhet\u0151 legyen mindenki sz\u00e1m\u00e1ra. Sz\u00f3 van egy minden \u00e9vben megtartott \u201eChampagnat-napr\u00f3l\u201d is, hogy a Tartom\u00e1ny marista int\u00e9zm\u00e9nyeiben a gyermekek \u00e9s fiatalok a maga teljess\u00e9g\u00e9ben \u00e9lhess\u00e9k meg ezt a napot. Helyi k\u00e9pz\u00e9si \u00fatmutat\u00f3k is k\u00e9sz\u00fclnek majd hozz\u00e1.<br \/>\nA \u201eMontagne\u201d \u00e9v 2014. okt\u00f3ber 28-\u00e1n kezd\u0151dik, a fiatal Jean Baptiste \u00e9s Marcellin tal\u00e1lkoz\u00e1s\u00e1nak \u00e9vfordul\u00f3j\u00e1n. A majd szeptemberben k\u00f6zreadott javaslatokb\u00f3l kiindulva minden orsz\u00e1g, minden int\u00e9zm\u00e9ny kidolgozhatja, hogy hogyan is k\u00e9pzeli e h\u00e1rom\u00e9ves id\u0151szak legmegfelel\u0151bb ind\u00edt\u00e1s\u00e1t.<br \/>\nEgym\u00e1st kell t\u00e1mogatnunk a k\u00e9tsz\u00e1z \u00e9ves \u00e9vfordul\u00f3 meg\u00fcnnepl\u00e9s\u00e9nek folyam\u00e1n, hogy legyen az mindny\u00e1junk sz\u00e1m\u00e1ra egy \u201e\u00faj kezdet\u201d, Champagnat karizm\u00e1j\u00e1nak meger\u0151s\u00edt\u00e9se mai vil\u00e1gunkban.<\/p>\n<p style=\"text-align: justify;\"><a href=\"https:\/\/www.marista.hu\/?page_id=1405\">Montagne \u00e9v<\/a><\/p>\n<p style=\"text-align: justify;\"><a href=\"https:\/\/www.marista.hu\/?page_id=1401\">Fourvi\u00e9re \u00e9v<\/a><\/p>\n<p style=\"text-align: justify;\">La Valla \u00e9v<\/p>\n<h2 style=\"text-align: center;\">Esem\u00e9nyek<\/h2>\n<h3 style=\"text-align: justify;\">1816. j\u00falius 23. Fourvi\u00e9re-i \u00edg\u00e9ret<\/h3>\n<h3 style=\"text-align: justify;\"><img loading=\"lazy\" decoding=\"async\" class=\"alignleft wp-image-1321 size-thumbnail\" src=\"https:\/\/www.marista.hu\/wp-content\/uploads\/Lyon05-150x150.jpg\" alt=\"Lyon05\" width=\"150\" height=\"150\" \/><\/h3>\n<p style=\"text-align: justify;\">1816. j\u00falius 23-\u00e1n a M\u00e1ria T\u00e1rsas\u00e1g tizenk\u00e9t jel\u00f6ltje tal\u00e1lkozik itt, r\u00e9szt vesznek M. Courveille els\u0151 szentmis\u00e9j\u00e9n, \u00e9s felolvass\u00e1k annak a fogadalomnak sz\u00f6veg\u00e9t, mely mag\u00e1ban foglalja azt az \u00edg\u00e9retet, hogy az eml\u00edtett T\u00e1rsas\u00e1g alap\u00edt\u00e1s\u00e1ra szentelik magukat. A k\u00f6vetkez\u0151 \u00e9vekben egy\u00e9nileg t\u00f6bben felmennek a r\u00e9gi k\u00e1poln\u00e1ba, \u00edgy Jean-Claude Colin, Marcellin Champagnat, Jeanne-Marie Chavoin, \u00e9s bizony\u00e1ra m\u00e1sok is. <a href=\"https:\/\/www.marista.hu\/wp-content\/uploads\/BI_04_Fourviere_HU.pdf\" target=\"_blank\">Olvasd tov\u00e1bb&#8230;<\/a><\/p>\n<p style=\"text-align: justify;\">Az al\u00e1bbi sz\u00f6veg annak az \u00edg\u00e9retnek ford\u00edt\u00e1sa, amit a 12 fiatalember latinul tett le 1816. j\u00falius 23-\u00e1n Lyonban, Fourvi\u00e8re k\u00e1poln\u00e1j\u00e1ban (a jelenlegi bazilika akkor m\u00e9g nem \u00e9p\u00fclt fel); n\u00e9h\u00e1nyat k\u00f6z\u00fcl\u00fck el\u0151z\u0151 nap szenteltek papp\u00e1, m\u00e1sok m\u00e9g szeminarist\u00e1k voltak. Az itt haszn\u00e1lt nyelvezetet a XIX. sz\u00e1zad elej\u00e9nek kontextus\u00e1ba kell teh\u00e1t visszahelyezni. <a href=\"https:\/\/www.marista.hu\/wp-content\/uploads\/BI_04.01_Fourviere_HU.pdf\" target=\"_blank\">Olvasd tov\u00e1bb&#8230;<\/a><\/p>\n<h3 style=\"text-align: justify;\">1816. augusztus 12. Champagnat atya Lavalla-ba megy<\/h3>\n<h3><img loading=\"lazy\" decoding=\"async\" class=\"wp-image-1808 size-medium alignleft\" src=\"https:\/\/www.marista.hu\/wp-content\/uploads\/41-300x129.jpg\" alt=\"41\" width=\"300\" height=\"129\" srcset=\"https:\/\/www.marista.hu\/wp-content\/uploads\/41-300x129.jpg 300w, https:\/\/www.marista.hu\/wp-content\/uploads\/41-768x331.jpg 768w, https:\/\/www.marista.hu\/wp-content\/uploads\/41-1024x441.jpg 1024w, https:\/\/www.marista.hu\/wp-content\/uploads\/41.jpg 1772w\" sizes=\"(max-width: 300px) 100vw, 300px\" \/><\/h3>\n<p style=\"text-align: justify;\">Champagnat aty\u00e1t szentel\u00e9se ut\u00e1n hamarosan Lavalla vik\u00e1rius\u00e1v\u00e1 nevezik ki, egy n\u00e9pes pl\u00e9b\u00e1ni\u00e1ra, mely Saint-Chamond kantonban (Loire) helyezkedik el. Halad\u00e9ktalanul odamegy. Amikor megl\u00e1tja Lavalla templomtorny\u00e1t, al\u00e1zatos \u00e9rzelmekkel telve t\u00e9rdre borul, bocs\u00e1natot k\u00e9r Istent\u0151l hib\u00e1i\u00e9rt, \u00e9s esdekelve k\u00e9ri, hogy ne engedje, hogy ezek akad\u00e1lyt k\u00e9pezzenek szolg\u00e1lata siker\u00e9ben. Azut\u00e1n J\u00e9zusnak \u00e9s M\u00e1ri\u00e1nak aj\u00e1nlja azokat a lelkeket, akik r\u00e1 lesznek b\u00edzva, \u00e9s k\u00e9ri, hogy \u00e1ldj\u00e1k meg munk\u00e1j\u00e1t, \u00e9s mindazt, amit k\u00e9sz megtenni Isten dics\u0151s\u00e9g\u00e9re \u00e9s a lelkek \u00fcdv\u00e9\u00e9rt. <a href=\"https:\/\/www.marista.hu\/wp-content\/uploads\/4.-fejezet.pdf\" target=\"_blank\">Olvasd tov\u00e1bb&#8230;<\/a><\/p>\n<h3>1816. okt\u00f3ber 28. A Jean-Baptiste Montagne nev\u0171 fi\u00faval val\u00f3 tal\u00e1lkoz\u00e1s<\/h3>\n<p style=\"text-align: justify;\"><img loading=\"lazy\" decoding=\"async\" class=\"alignleft wp-image-1809 size-medium\" src=\"https:\/\/www.marista.hu\/wp-content\/uploads\/171-237x300.jpg\" alt=\"171\" width=\"237\" height=\"300\" srcset=\"https:\/\/www.marista.hu\/wp-content\/uploads\/171-237x300.jpg 237w, https:\/\/www.marista.hu\/wp-content\/uploads\/171-768x972.jpg 768w, https:\/\/www.marista.hu\/wp-content\/uploads\/171-809x1024.jpg 809w, https:\/\/www.marista.hu\/wp-content\/uploads\/171.jpg 925w\" sizes=\"(max-width: 237px) 100vw, 237px\" \/>Egy napon az egyik tany\u00e1ra h\u00edvt\u00e1k Champagnat aty\u00e1t, hogy meggy\u00f3ntasson egy beteg gyermeket, \u00e9s szok\u00e1sa szerint azonnal \u00fatnak is indult. Miel\u0151tt meggy\u00f3ntatta volna a gyermeket, k\u00e9rd\u00e9seket tett fel neki, hogy l\u00e1ssa, vajon tudja-e, milyen \u00e1llapotban kell lenni a szents\u00e9g felv\u00e9tel\u00e9hez; nem kis meglepet\u00e9s\u00e9re l\u00e1tta, hogy a gyermek a hit legf\u0151bb miszt\u00e9riumait sem ismeri, \u00e9s m\u00e9g azt sem tudta, hogy van Isten. A szomor\u00fas\u00e1gt\u00f3l les\u00fajtva, hogy egy tizenk\u00e9t \u00e9ves gyermek ennyire tudatlan, \u00e9s megr\u00e9m\u00fclve att\u00f3l, hogy ebben az \u00e1llapotban hal meg, le\u00fclt mell\u00e9, hogy az \u00fcdv\u00f6ss\u00e9g legf\u0151bb miszt\u00e9riumaira \u00e9s legfontosabb igazs\u00e1gaira megtan\u00edtsa \u0151t. K\u00e9t \u00f3r\u00e1n \u00e1t tan\u00edtotta, vagy gy\u00f3ntatta, \u00e9s a legsz\u00fcks\u00e9gesebb dolgokat is csak nagy neh\u00e9zs\u00e9gek \u00e1r\u00e1n tudta megtan\u00edtani vele, mert a gyermek annyira rosszul volt, hogy alig \u00e9rtette, amit mondtak neki. Miut\u00e1n meggy\u00f3ntatta, \u00e9s t\u00f6bbsz\u00f6r felind\u00edtotta benne Isten szeretet\u00e9nek megvall\u00e1s\u00e1t \u00e9s a b\u0171nb\u00e1natot, hogy felk\u00e9sz\u00fclj\u00f6n a hal\u00e1lra, elment, hogy ell\u00e1sson egy m\u00e1sik beteget, aki a szomsz\u00e9dban lakott. Amikor onnan kij\u00f6tt, megk\u00e9rdezte, hogy van a gyermek: \u201eMeghalt, egy pillanattal azut\u00e1n, hogy elment t\u0151le\u201d, v\u00e1laszolt\u00e1k s\u00edrva a sz\u00fclei. Lelk\u00e9ben ekkor az \u00f6r\u00f6m \u00e9rz\u00e9se &#8211; hogy olyan j\u00f3kor volt ott -, az iszonyat \u00e9rz\u00e9s\u00e9vel keveredik, mivel ez a szeg\u00e9ny gyermek \u00f3ri\u00e1si vesz\u00e9lyben volt, \u00e9s tal\u00e1n a pokol kapuit\u00f3l mentette meg \u0151t. Hazat\u00e9rve ezek az \u00e9rz\u00e9sek j\u00e1rj\u00e1k \u00e1t, \u00e9s ezt mondogatja mag\u00e1ban: \u201eMily sok gyermek van nap mint nap ugyanilyen helyzetben, \u00e9s \u00e9pp\u00edgy a roml\u00e1s fel\u00e9 tartanak, mert nincs senki, aki a hit igazs\u00e1gaira tan\u00edtan\u00e1 \u0151ket!\u201d S a Testv\u00e9rek T\u00e1rsas\u00e1g\u00e1nak gondolata, melynek c\u00e9lja az, hogy ily nagy bajokat megel\u0151zz\u00f6n az\u00e1ltal, hogy a gyermekeknek kereszt\u00e9ny nevel\u00e9st ny\u00fajt, oly nagy er\u0151vel t\u00f6r r\u00e1, hogy megkeresi Jean-Marie Granjont, \u00e9s elmondja neki terveit. Miut\u00e1n elmagyar\u00e1zta neki mindazt a j\u00f3t, amit a sz\u00f3ban forg\u00f3 Rend tehetne, megk\u00e9rdezi t\u0151le, hogy sz\u00edvesen tartozna-e oda, \u00e9s sz\u00edvesen szenteln\u00e9-e mag\u00e1t a gyermekek nevel\u00e9s\u00e9nek. A fiatalember, aki m\u00e9lys\u00e9ges figyelemmel hallgatta \u0151t, \u00edgy v\u00e1laszol: \u201eKez\u00e9be helyezem magam; tegyen velem, amit csak akar. V\u00e9gtelen\u00fcl boldognak tekinten\u00e9m magam, ha er\u0151imet, eg\u00e9szs\u00e9gemet, \u00e9s eg\u00e9sz \u00e9letemet a kisgyermekek kereszt\u00e9ny nevel\u00e9s\u00e9nek szentelhetem, ha \u00f6n erre k\u00e9pesnek tart engem.\u201d M. Champagnat, akit elb\u0171v\u00f6lt ez az \u00e9p\u00fcletes v\u00e1lasz, \u00edgy sz\u00f3l hozz\u00e1: \u201eB\u00e1tors\u00e1g! Isten meg\u00e1ldja \u00f6nt, \u00e9s a Szent Sz\u0171z t\u00e1rsakat vezet majd \u00f6n mell\u00e9.\u201d Az \u00edg\u00e9ret megval\u00f3sul\u00e1sa nem sok\u00e1ig v\u00e1ratott mag\u00e1ra, \u00e9s a k\u00f6vetkez\u0151 h\u00e9t szombatj\u00e1n egy gyermek j\u00f6tt, hogy felaj\u00e1nlja, hogy osztozik hivat\u00e1s\u00e1ban. <a href=\"https:\/\/www.marista.hu\/wp-content\/uploads\/6.-fejezet.pdf\" target=\"_blank\">Olvasd tov\u00e1bb&#8230;<\/a><\/p>\n<h3>1817. janu\u00e1r 2. A Marista Rend alap\u00edt\u00e1sa<\/h3>\n<p style=\"text-align: justify;\"><img loading=\"lazy\" decoding=\"async\" class=\"alignleft wp-image-1810 size-medium\" src=\"https:\/\/www.marista.hu\/wp-content\/uploads\/291-300x233.jpg\" alt=\"291\" width=\"300\" height=\"233\" srcset=\"https:\/\/www.marista.hu\/wp-content\/uploads\/291-300x233.jpg 300w, https:\/\/www.marista.hu\/wp-content\/uploads\/291-768x597.jpg 768w, https:\/\/www.marista.hu\/wp-content\/uploads\/291-1024x795.jpg 1024w, https:\/\/www.marista.hu\/wp-content\/uploads\/291.jpg 1214w\" sizes=\"(max-width: 300px) 100vw, 300px\" \/>1816. okt\u00f3ber 6-\u00e1n Champagnat atya l\u00e9p kapcsolatba az els\u0151 fiatalemberrel, aki 23 \u00e9ves, Nap\u00f3leon egykori gr\u00e1n\u00e1tosa; felaj\u00e1nlja, hogy seg\u00edt neki a tanul\u00e1sban. 28-\u00e1n Champagnat megl\u00e1togat egy 15 \u00e9ves fi\u00fat, az ifj\u00fa Jean Baptiste Montagne-t, aki szinte a karjai k\u00f6z\u00f6tt hal meg. Ez az esem\u00e9ny felkavarja \u0151t, \u00e9s arra ind\u00edtja, hogy vigye v\u00e9ghez terv\u00e9t.<br \/>\nNovember 2-\u00e1n megismerkedik egy m\u00e1sik fiatallal, aki 15 \u00e9ves, \u00e9s Istennek k\u00edv\u00e1nja szentelni az \u00e9let\u00e9t.<br \/>\n\u00cdgy, 1817. janu\u00e1r 2-\u00e1n, miut\u00e1n egy, a pl\u00e9b\u00e1nia k\u00f6zel\u00e9ben l\u00e9v\u0151 kis h\u00e1zat kib\u00e9relt, megh\u00edvja ezt a k\u00e9t fiatalt, hogy lakjanak egy\u00fctt. Lassank\u00e9nt m\u00e1s fiatalok is csatlakoznak hozz\u00e1juk, akik mind La Valla-b\u00f3l sz\u00e1rmaznak. 1818 v\u00e9g\u00e9n 7 k\u00e9pz\u00e9s alatt \u00e1ll\u00f3 fiatal van, akik k\u00f6z\u00fcl csak 2 nagykor\u00fa, 21 \u00e9vesn\u00e9l id\u0151sebb van.<br \/>\nNeh\u00e9z \u00e9letk\u00f6r\u00fclm\u00e9nyek, minden k\u00e9nyelem n\u00e9lk\u00fcl; m\u00e9rt\u00e9kletes t\u00e1pl\u00e1l\u00e9k, mely k\u00f6z\u00f6ns\u00e9ges keny\u00e9rb\u0151l, sajtb\u00f3l \u00e9s burgony\u00e1b\u00f3l, a kert z\u00f6lds\u00e9geib\u0151l, \u00e9s olykor egy kis s\u00f3zott szalonn\u00e1b\u00f3l \u00e1llt; italuk pedig mindig v\u00edz volt.<br \/>\nNapjaik nagyon elfoglaltak: hajnali n\u00e9gykor kel\u00e9s; ezut\u00e1n ima \u00e9s szentmise. Az id\u0151 t\u00f6bbi r\u00e9sz\u00e9t a tanul\u00e1s, a k\u00e9tkezi munka t\u00f6lti ki, ami az \u00e9vszaknak megfelel\u0151en, k\u00fcl\u00f6nf\u00e9le volt: kert, szersz\u00e1mk\u00e9sz\u00edt\u00e9s.<br \/>\nHamarosan szeg\u00e9ny \u00e9s sz\u0171k\u00f6lk\u00f6d\u0151 gyermekeket fogadnak be h\u00e1zukba; t\u00e1pl\u00e1lj\u00e1k, \u00e9s hittanra \u00e9s olvas\u00e1sra tan\u00edtj\u00e1k \u0151ket. <a href=\"https:\/\/www.marista.hu\/wp-content\/uploads\/BI_05_LaValla_HU.pdf\" target=\"_blank\">Olvasd tov\u00e1bb&#8230;<\/a><\/p>\n<p>&nbsp;<\/p>\n<p style=\"text-align: justify;\"><a href=\"https:\/\/www.marista.hu\/?page_id=1399\">Bicenten\u00e1riummal kapcsolatos anyaga<\/a>i<\/p>\n","protected":false},"excerpt":{"rendered":"<p>J\u00fanius 6-\u00e1n Emili Tur\u00fa tartom\u00e1nyf\u0151n\u00f6k testv\u00e9r mindny\u00e1junkat \u201eegy \u00faj kezdetre\u201d h\u00edvta. Ami a \u201ekezdeteket\u201d illeti, van bel\u0151l\u00fck sz\u00e9p sz\u00e1mmal 1817. febru\u00e1r 2. \u00f3ta. A k\u00e9tsz\u00e1zadik \u00e9vfordul\u00f3 kijel\u00f6l\u00e9se arra a napra esett, amikor Szent Champagnat megk\u00e9rt k\u00e9t fiatalt, hogy seg\u00edtsen neki<\/p>\n","protected":false},"author":8,"featured_media":1133,"parent":0,"menu_order":0,"comment_status":"open","ping_status":"closed","template":"","meta":{"footnotes":""},"_links":{"self":[{"href":"https:\/\/www.marista.hu\/index.php?rest_route=\/wp\/v2\/pages\/1139"}],"collection":[{"href":"https:\/\/www.marista.hu\/index.php?rest_route=\/wp\/v2\/pages"}],"about":[{"href":"https:\/\/www.marista.hu\/index.php?rest_route=\/wp\/v2\/types\/page"}],"author":[{"embeddable":true,"href":"https:\/\/www.marista.hu\/index.php?rest_route=\/wp\/v2\/users\/8"}],"replies":[{"embeddable":true,"href":"https:\/\/www.marista.hu\/index.php?rest_route=%2Fwp%2Fv2%2Fcomments&post=1139"}],"version-history":[{"count":10,"href":"https:\/\/www.marista.hu\/index.php?rest_route=\/wp\/v2\/pages\/1139\/revisions"}],"predecessor-version":[{"id":1526,"href":"https:\/\/www.marista.hu\/index.php?rest_route=\/wp\/v2\/pages\/1139\/revisions\/1526"}],"wp:featuredmedia":[{"embeddable":true,"href":"https:\/\/www.marista.hu\/index.php?rest_route=\/wp\/v2\/media\/1133"}],"wp:attachment":[{"href":"https:\/\/www.marista.hu\/index.php?rest_route=%2Fwp%2Fv2%2Fmedia&parent=1139"}],"curies":[{"name":"wp","href":"https:\/\/api.w.org\/{rel}","templated":true}]}}